{"id":3052,"date":"2026-05-06T21:56:58","date_gmt":"2026-05-06T21:56:58","guid":{"rendered":"https:\/\/www.augustarseguros.cl\/?page_id=3052"},"modified":"2026-05-06T21:56:58","modified_gmt":"2026-05-06T21:56:58","slug":"creditos-de-consumo-rentas-vitalicias","status":"publish","type":"page","link":"https:\/\/www.augustarseguros.cl\/index.php\/creditos-de-consumo-rentas-vitalicias\/","title":{"rendered":"Cr\u00e9ditos de Consumo Rentas Vitalicias"},"content":{"rendered":"\n<p>&nbsp;<\/p>\n<h1 class=\"unbound-title\">\n\u00a1Apoyamos su Futuro!\n<\/h1>\n\n<p class=\"mt-3 font-size-20\" style=\"font-family: 'Open Sans', sans-serif;\">\nCr\u00e9ditos de Consumo para Pensionados de AuguStar Seguros. En AuguStar Seguros,entendemos sus necesidades y le ofrecemos Cr\u00e9ditos de Consumo de Libre Disposici\u00f3n, dise\u00f1ados para darle mayor flexibilidad y respaldo.\n<\/p>\n\n<p class=\"mt-3 font-size-20\" style=\"font-family: 'Open Sans', sans-serif;\">\n<b>\u00bfC\u00f3mo solicitarlo?<\/b> Primero es importante realizar una pre-evaluaci\u00f3n telef\u00f3nica,\nllamando al 600 600 4490.\n<\/p>\n\n<div class=\"accordion-body font-size-20\">\n<ul>\n  <li class=\"mb-1\" style=\"text-align: left;\"><b>Para pensionados de la Regi\u00f3n Metropolitana:<\/b> Vis\u00edtenos en Av. El Bosque Norte\n0137 (cerca del Metro Tobalaba) para realizar el tr\u00e1mite presencial.<\/li>\n  <li class=\"mb-1\" style=\"text-align: left;\"><b>Para pensionados de Regiones:<\/b> Llamando al 600 600 4490 y si cumple los\nrequisitos, le enviaremos la documentaci\u00f3n para firmar.<\/li>\n<\/ul>\n<\/div>\n\n<p>&nbsp;<\/p>\n<p>&nbsp;<\/p>\n\n<h1 class=\"unbound-title\">\u00a1Importante!<\/h1>\n\n<p class=\"mt-3 font-size-20\" style=\"font-family: 'Open Sans', sans-serif; text-align: left;\">\n<b>Requisitos Clave:<\/b>\n<\/p>\n\n<div class=\"accordion-body font-size-20\">\n<ul>\n  <li class=\"mb-1\" style=\"text-align: left;\">\n     <b>Antig\u00fcedad:<\/b> m\u00ednimo 6 meses como pensionado en AuguStar Seguros.\n  <\/li>\n  <li class=\"mb-1\" style=\"text-align: left;\">\n     <b>Carga Financiera:<\/b> la cuota del cr\u00e9dito no puede superar el 25% de su renta l\u00edquida.\n  <\/li>\n  <li class=\"mb-1\" style=\"text-align: left;\">\n     <b>Edad m\u00e1xima para acceder a un cr\u00e9dito:<\/b> Menor de 75 a\u00f1os y 11 meses.\n  <\/li>\n<\/ul>\n<\/div>\n\n<p class=\"mt-3 font-size-20\" style=\"font-family: 'Open Sans', sans-serif; text-align: left;\">\n<b>Montos y Plazos:<\/b>\n<\/p>\n\n<div class=\"accordion-body font-size-20\">\n<ul>\n  <li class=\"mb-1\" style=\"text-align: left;\">\nMontos ajustados a su renta.\n  <\/li>\n<li class=\"mb-1\" style=\"text-align: left;\">\nPlazo m\u00e1ximo de 60 cuotas mensuales, \u00a1dependiendo de su edad!\n  <\/li>\n<\/ul>\n<\/div>\n\n\n<p class=\"mt-3 font-size-20\" style=\"font-family: 'Open Sans', sans-serif; text-align: left;\">\n<b>Proceso Sencillo:<\/b>\n<\/p>\n\n<div class=\"accordion-body font-size-20\">\n<ul>\n<li class=\"mb-1\" style=\"text-align: left;\">\nUna vez recibidos los documentos firmados, el abono se realiza en 72 horas\nh\u00e1biles a la misma cuenta en qu\u00e9 pagamos su pensi\u00f3n.\n  <\/li>\n<li class=\"mb-1\" style=\"text-align: left;\">\nLas cuotas se descuentan, mes a mes, directamente de su pensi\u00f3n, \u00a1sin\npreocupaciones!\n  <\/li>\n<\/ul>\n<\/div>\n\n\n<p class=\"mt-3 font-size-20\" style=\"font-family: 'Open Sans', sans-serif; text-align: left;\">\n<b>\u00a1Importante! (Ley 21.389):<\/b>\n<\/p>\n\n<div class=\"accordion-body font-size-20\">\n<ul>\n<li class=\"mb-1\" style=\"text-align: left;\">\nPara cr\u00e9ditos desde 50 UF, verificamos su inscripci\u00f3n en el Registro de\nDeudores de Pensi\u00f3n de Alimentos. Si est\u00e1 inscrito, se retendr\u00e1 el 50% del\ncr\u00e9dito (o lo necesario para cubrir la deuda) para cumplir con la ley.\n\u00a1Cont\u00e1ctenos hoy! Llama al 600 600 4490 y preeval\u00faa su cr\u00e9dito.\n  <\/li>\n<\/ul>\n<\/div>\n\n<p class=\"mt-3 font-size-20\" style=\"font-family: 'Open Sans', sans-serif;\">\n<b>\u00a1Cont\u00e1ctenos hoy!<\/b> Llama al <b>600 600 4490<\/b> y preeval\u00fae su cr\u00e9dito.\n<\/p>\n\n<p class=\"mt-3 font-size-20\" style=\"font-family: 'Open Sans', sans-serif;\">\n   Descarga el documento con esta informaci\u00f3n <a href=\"https:\/\/www.augustarseguros.cl\/wp-content\/uploads\/2026\/01\/CREDITO-DE-CONSUMO-v3.docx.pdf\" target=\"_blank\">aqu\u00ed<\/a>\n<\/p>\n","protected":false},"excerpt":{"rendered":"<p>&nbsp; \u00a1Apoyamos su Futuro! Cr\u00e9ditos de Consumo para Pensionados de AuguStar Seguros. En AuguStar Seguros,entendemos sus necesidades y le ofrecemos Cr\u00e9ditos de Consumo de Libre Disposici\u00f3n, dise\u00f1ados para darle mayor flexibilidad y respaldo. \u00bfC\u00f3mo solicitarlo? Primero es importante realizar una pre-evaluaci\u00f3n telef\u00f3nica, llamando al 600 600 4490. Para pensionados de la Regi\u00f3n Metropolitana: Vis\u00edtenos en [&hellip;]<\/p>\n","protected":false},"author":3,"featured_media":0,"parent":0,"menu_order":0,"comment_status":"closed","ping_status":"closed","template":"","meta":{"om_disable_all_campaigns":false,"_monsterinsights_skip_tracking":false,"_monsterinsights_sitenote_active":false,"_monsterinsights_sitenote_note":"","_monsterinsights_sitenote_category":0,"_uf_show_specific_survey":0,"_uf_disable_surveys":false,"footnotes":""},"class_list":["post-3052","page","type-page","status-publish","hentry"],"aioseo_notices":[],"_links":{"self":[{"href":"https:\/\/www.augustarseguros.cl\/index.php\/wp-json\/wp\/v2\/pages\/3052","targetHints":{"allow":["GET"]}}],"collection":[{"href":"https:\/\/www.augustarseguros.cl\/index.php\/wp-json\/wp\/v2\/pages"}],"about":[{"href":"https:\/\/www.augustarseguros.cl\/index.php\/wp-json\/wp\/v2\/types\/page"}],"author":[{"embeddable":true,"href":"https:\/\/www.augustarseguros.cl\/index.php\/wp-json\/wp\/v2\/users\/3"}],"replies":[{"embeddable":true,"href":"https:\/\/www.augustarseguros.cl\/index.php\/wp-json\/wp\/v2\/comments?post=3052"}],"version-history":[{"count":1,"href":"https:\/\/www.augustarseguros.cl\/index.php\/wp-json\/wp\/v2\/pages\/3052\/revisions"}],"predecessor-version":[{"id":3053,"href":"https:\/\/www.augustarseguros.cl\/index.php\/wp-json\/wp\/v2\/pages\/3052\/revisions\/3053"}],"wp:attachment":[{"href":"https:\/\/www.augustarseguros.cl\/index.php\/wp-json\/wp\/v2\/media?parent=3052"}],"curies":[{"name":"wp","href":"https:\/\/api.w.org\/{rel}","templated":true}]}}